{"id":240,"date":"2021-03-16T09:31:23","date_gmt":"2021-03-16T09:31:23","guid":{"rendered":"https:\/\/konce.kreuthof.at\/?page_id=240"},"modified":"2021-04-11T12:21:48","modified_gmt":"2021-04-11T12:21:48","slug":"knollensellerie","status":"publish","type":"page","link":"https:\/\/kreuthof.at\/?page_id=240","title":{"rendered":"Knollensellerie"},"content":{"rendered":"\n<p>Knollensellerie kann man in fingerdicke scheiben schneiden und in Mehl gewendet in der Pfanne braten \u2013 Knoblauch- oder Schnittlauchrahm passen perfekt dazu<\/p>\n\n\n\n<ul class=\"wp-block-list\"><li>etwas aufwendiger sind flache Laibchen \/ flache Puffer mit Knollensellerie und Erd\u00e4pfel:<\/li><li>ca. 200-300g Knollensellerie<\/li><li>ca. 400 &#8211; 500g Erd\u00e4pfel<\/li><li>Mehl<\/li><li>1 Ei<\/li><li>ca 2 Teel\u00f6ffel Koreandersamen und ca. 2 Teel\u00f6ffel K\u00fcmmel oder Fenchelsamen<\/li><li>geschrottetet oder im M\u00f6rser zerkleinertet<\/li><li>etwas Muskatnuss<\/li><li>Kr\u00e4uter nach Geschmack z.B. Thymian<\/li><\/ul>\n\n\n\n<p>Die Erd\u00e4pfel und die Knolle sch\u00e4len und grob reiben salzen pfeffern und ausdr\u00fccken, damit es nicht zu fl\u00fcssig ist. Mit den Gew\u00fcrzen etwas Mehl und dem Ei vermischen.<\/p>\n\n\n\n<p>In einer Pfanne \u00d6l erhitzen und ca. 2 Essl\u00f6ffel als grobes Laibchen hineingeben und flachdr\u00fccken fertig braten<\/p>\n\n\n\n<p>Dazu passt ebenso Sauerrahm mit Knoblauch oder Kr\u00e4utern<\/p>\n","protected":false},"excerpt":{"rendered":"<p>Knollensellerie kann man in fingerdicke scheiben schneiden und in Mehl gewendet in der Pfanne braten \u2013 Knoblauch- oder Schnittlauchrahm passen perfekt dazu etwas aufwendiger sind flache Laibchen \/ flache Puffer mit Knollensellerie und Erd\u00e4pfel: ca. 200-300g Knollensellerie ca. 400 &#8211; 500g Erd\u00e4pfel Mehl 1 Ei ca 2 Teel\u00f6ffel Koreandersamen und ca. 2 Teel\u00f6ffel K\u00fcmmel oder [&hellip;]<\/p>\n","protected":false},"author":1,"featured_media":0,"parent":13,"menu_order":6,"comment_status":"closed","ping_status":"closed","template":"","meta":{"footnotes":""},"class_list":["post-240","page","type-page","status-publish","hentry"],"blocksy_meta":{"styles_descriptor":{"styles":{"desktop":"","tablet":"","mobile":""},"google_fonts":[],"version":6}},"yoast_head":"<!-- This site is optimized with the Yoast SEO plugin v27.4 - https:\/\/yoast.com\/product\/yoast-seo-wordpress\/ -->\n<title>Knollensellerie - Kreuthof<\/title>\n<meta name=\"robots\" content=\"index, follow, max-snippet:-1, max-image-preview:large, max-video-preview:-1\" \/>\n<link rel=\"canonical\" href=\"https:\/\/kreuthof.at\/?page_id=240\" \/>\n<meta property=\"og:locale\" content=\"de_DE\" \/>\n<meta property=\"og:type\" content=\"article\" \/>\n<meta property=\"og:title\" content=\"Knollensellerie - Kreuthof\" \/>\n<meta property=\"og:description\" content=\"Knollensellerie kann man in fingerdicke scheiben schneiden und in Mehl gewendet in der Pfanne braten \u2013 Knoblauch- oder Schnittlauchrahm passen perfekt dazu etwas aufwendiger sind flache Laibchen \/ flache Puffer mit Knollensellerie und Erd\u00e4pfel: ca. 200-300g Knollensellerie ca. 400 &#8211; 500g Erd\u00e4pfel Mehl 1 Ei ca 2 Teel\u00f6ffel Koreandersamen und ca. 2 Teel\u00f6ffel K\u00fcmmel oder [&hellip;]\" \/>\n<meta property=\"og:url\" content=\"https:\/\/kreuthof.at\/?page_id=240\" \/>\n<meta property=\"og:site_name\" content=\"Kreuthof\" \/>\n<meta property=\"article:modified_time\" content=\"2021-04-11T12:21:48+00:00\" \/>\n<meta name=\"twitter:card\" content=\"summary_large_image\" \/>\n<meta name=\"twitter:label1\" content=\"Gesch\u00e4tzte Lesezeit\" \/>\n\t<meta name=\"twitter:data1\" content=\"1 Minute\" \/>\n<script type=\"application\/ld+json\" class=\"yoast-schema-graph\">{\"@context\":\"https:\\\/\\\/schema.org\",\"@graph\":[{\"@type\":\"WebPage\",\"@id\":\"https:\\\/\\\/kreuthof.at\\\/?page_id=240\",\"url\":\"https:\\\/\\\/kreuthof.at\\\/?page_id=240\",\"name\":\"Knollensellerie - Kreuthof\",\"isPartOf\":{\"@id\":\"https:\\\/\\\/kreuthof.at\\\/#website\"},\"datePublished\":\"2021-03-16T09:31:23+00:00\",\"dateModified\":\"2021-04-11T12:21:48+00:00\",\"breadcrumb\":{\"@id\":\"https:\\\/\\\/kreuthof.at\\\/?page_id=240#breadcrumb\"},\"inLanguage\":\"de-AT\",\"potentialAction\":[{\"@type\":\"ReadAction\",\"target\":[\"https:\\\/\\\/kreuthof.at\\\/?page_id=240\"]}]},{\"@type\":\"BreadcrumbList\",\"@id\":\"https:\\\/\\\/kreuthof.at\\\/?page_id=240#breadcrumb\",\"itemListElement\":[{\"@type\":\"ListItem\",\"position\":1,\"name\":\"Home\",\"item\":\"https:\\\/\\\/kreuthof.at\\\/\"},{\"@type\":\"ListItem\",\"position\":2,\"name\":\"Zubereitungsvorschl\u00e4ge\",\"item\":\"https:\\\/\\\/kreuthof.at\\\/?page_id=13\"},{\"@type\":\"ListItem\",\"position\":3,\"name\":\"Knollensellerie\"}]},{\"@type\":\"WebSite\",\"@id\":\"https:\\\/\\\/kreuthof.at\\\/#website\",\"url\":\"https:\\\/\\\/kreuthof.at\\\/\",\"name\":\"Kreuthof\",\"description\":\"Vielfalt verwurzelt\",\"publisher\":{\"@id\":\"https:\\\/\\\/kreuthof.at\\\/#organization\"},\"potentialAction\":[{\"@type\":\"SearchAction\",\"target\":{\"@type\":\"EntryPoint\",\"urlTemplate\":\"https:\\\/\\\/kreuthof.at\\\/?s={search_term_string}\"},\"query-input\":{\"@type\":\"PropertyValueSpecification\",\"valueRequired\":true,\"valueName\":\"search_term_string\"}}],\"inLanguage\":\"de-AT\"},{\"@type\":\"Organization\",\"@id\":\"https:\\\/\\\/kreuthof.at\\\/#organization\",\"name\":\"kreuthof\",\"url\":\"https:\\\/\\\/kreuthof.at\\\/\",\"logo\":{\"@type\":\"ImageObject\",\"inLanguage\":\"de-AT\",\"@id\":\"https:\\\/\\\/kreuthof.at\\\/#\\\/schema\\\/logo\\\/image\\\/\",\"url\":\"https:\\\/\\\/kreuthof.at\\\/wp-content\\\/uploads\\\/2021\\\/01\\\/cropped-kreuthof_logo_entwurf_ML-01.jpg\",\"contentUrl\":\"https:\\\/\\\/kreuthof.at\\\/wp-content\\\/uploads\\\/2021\\\/01\\\/cropped-kreuthof_logo_entwurf_ML-01.jpg\",\"width\":737,\"height\":250,\"caption\":\"kreuthof\"},\"image\":{\"@id\":\"https:\\\/\\\/kreuthof.at\\\/#\\\/schema\\\/logo\\\/image\\\/\"}}]}<\/script>\n<!-- \/ Yoast SEO plugin. -->","yoast_head_json":{"title":"Knollensellerie - Kreuthof","robots":{"index":"index","follow":"follow","max-snippet":"max-snippet:-1","max-image-preview":"max-image-preview:large","max-video-preview":"max-video-preview:-1"},"canonical":"https:\/\/kreuthof.at\/?page_id=240","og_locale":"de_DE","og_type":"article","og_title":"Knollensellerie - Kreuthof","og_description":"Knollensellerie kann man in fingerdicke scheiben schneiden und in Mehl gewendet in der Pfanne braten \u2013 Knoblauch- oder Schnittlauchrahm passen perfekt dazu etwas aufwendiger sind flache Laibchen \/ flache Puffer mit Knollensellerie und Erd\u00e4pfel: ca. 200-300g Knollensellerie ca. 400 &#8211; 500g Erd\u00e4pfel Mehl 1 Ei ca 2 Teel\u00f6ffel Koreandersamen und ca. 2 Teel\u00f6ffel K\u00fcmmel oder [&hellip;]","og_url":"https:\/\/kreuthof.at\/?page_id=240","og_site_name":"Kreuthof","article_modified_time":"2021-04-11T12:21:48+00:00","twitter_card":"summary_large_image","twitter_misc":{"Gesch\u00e4tzte Lesezeit":"1 Minute"},"schema":{"@context":"https:\/\/schema.org","@graph":[{"@type":"WebPage","@id":"https:\/\/kreuthof.at\/?page_id=240","url":"https:\/\/kreuthof.at\/?page_id=240","name":"Knollensellerie - Kreuthof","isPartOf":{"@id":"https:\/\/kreuthof.at\/#website"},"datePublished":"2021-03-16T09:31:23+00:00","dateModified":"2021-04-11T12:21:48+00:00","breadcrumb":{"@id":"https:\/\/kreuthof.at\/?page_id=240#breadcrumb"},"inLanguage":"de-AT","potentialAction":[{"@type":"ReadAction","target":["https:\/\/kreuthof.at\/?page_id=240"]}]},{"@type":"BreadcrumbList","@id":"https:\/\/kreuthof.at\/?page_id=240#breadcrumb","itemListElement":[{"@type":"ListItem","position":1,"name":"Home","item":"https:\/\/kreuthof.at\/"},{"@type":"ListItem","position":2,"name":"Zubereitungsvorschl\u00e4ge","item":"https:\/\/kreuthof.at\/?page_id=13"},{"@type":"ListItem","position":3,"name":"Knollensellerie"}]},{"@type":"WebSite","@id":"https:\/\/kreuthof.at\/#website","url":"https:\/\/kreuthof.at\/","name":"Kreuthof","description":"Vielfalt verwurzelt","publisher":{"@id":"https:\/\/kreuthof.at\/#organization"},"potentialAction":[{"@type":"SearchAction","target":{"@type":"EntryPoint","urlTemplate":"https:\/\/kreuthof.at\/?s={search_term_string}"},"query-input":{"@type":"PropertyValueSpecification","valueRequired":true,"valueName":"search_term_string"}}],"inLanguage":"de-AT"},{"@type":"Organization","@id":"https:\/\/kreuthof.at\/#organization","name":"kreuthof","url":"https:\/\/kreuthof.at\/","logo":{"@type":"ImageObject","inLanguage":"de-AT","@id":"https:\/\/kreuthof.at\/#\/schema\/logo\/image\/","url":"https:\/\/kreuthof.at\/wp-content\/uploads\/2021\/01\/cropped-kreuthof_logo_entwurf_ML-01.jpg","contentUrl":"https:\/\/kreuthof.at\/wp-content\/uploads\/2021\/01\/cropped-kreuthof_logo_entwurf_ML-01.jpg","width":737,"height":250,"caption":"kreuthof"},"image":{"@id":"https:\/\/kreuthof.at\/#\/schema\/logo\/image\/"}}]}},"_links":{"self":[{"href":"https:\/\/kreuthof.at\/index.php?rest_route=\/wp\/v2\/pages\/240","targetHints":{"allow":["GET"]}}],"collection":[{"href":"https:\/\/kreuthof.at\/index.php?rest_route=\/wp\/v2\/pages"}],"about":[{"href":"https:\/\/kreuthof.at\/index.php?rest_route=\/wp\/v2\/types\/page"}],"author":[{"embeddable":true,"href":"https:\/\/kreuthof.at\/index.php?rest_route=\/wp\/v2\/users\/1"}],"replies":[{"embeddable":true,"href":"https:\/\/kreuthof.at\/index.php?rest_route=%2Fwp%2Fv2%2Fcomments&post=240"}],"version-history":[{"count":2,"href":"https:\/\/kreuthof.at\/index.php?rest_route=\/wp\/v2\/pages\/240\/revisions"}],"predecessor-version":[{"id":360,"href":"https:\/\/kreuthof.at\/index.php?rest_route=\/wp\/v2\/pages\/240\/revisions\/360"}],"up":[{"embeddable":true,"href":"https:\/\/kreuthof.at\/index.php?rest_route=\/wp\/v2\/pages\/13"}],"wp:attachment":[{"href":"https:\/\/kreuthof.at\/index.php?rest_route=%2Fwp%2Fv2%2Fmedia&parent=240"}],"curies":[{"name":"wp","href":"https:\/\/api.w.org\/{rel}","templated":true}]}}