{"id":15,"date":"2021-01-23T12:56:01","date_gmt":"2021-01-23T12:56:01","guid":{"rendered":"https:\/\/konce.kreuthof.at\/?page_id=15"},"modified":"2026-01-18T21:22:45","modified_gmt":"2026-01-18T21:22:45","slug":"test","status":"publish","type":"page","link":"https:\/\/kreuthof.at\/?page_id=15","title":{"rendered":"Impressum"},"content":{"rendered":"\n<h2 class=\"wp-block-heading\">Kontaktdaten\/Offenlegung :<\/h2>\n\n\n\n<p><br><br>Kreuthof<br>Christiana Marksteiner &amp; Mario Koncilja GesbR<br>Brunnkreutweg 4<br>7512 Badersdorf<br>+43 69911303258<br>office@<a href=\"http:\/\/www.kreuthof.at\/\">kreuthof.at<\/a><br><\/p>\n\n\n\n<p>Betriebsnummer:<br>5065623<br>Betriebsgegenstand: Landwirtschaftliche Produktion von Pflanzen und pflanzlichen Erzeugnissen und Vertrieb dieser Erzeugnisse<br><br>BIO-AT-402<br>Zertifikat<br>ID: 765148<br>Website<br>Verantwortung f\u00fcr den Inhalt und Gestaltung: Mario Koncilja<br>Lederergasse 33 1080 Wien +43 6604949113<\/p>\n\n\n\n<p><img decoding=\"async\" class=\"wp-image-472\" style=\"width: NaNpx;\" src=\"https:\/\/kreuthof.at\/wp-content\/uploads\/2026\/01\/Zertifikat-EU-BIO-Anlage.pdf\" alt=\"\"><br>\u00a0<a href=\"https:\/\/kreuthof.at\/?page_id=483\">Bio Zertifikat<\/a><br><br><strong>Haftungshinweis<\/strong>:<br>Trotz sorgf\u00e4ltiger inhaltlicher Kontrolle \u00fcbernehmen wir keine Haftung f\u00fcr die Inhalte externer Links. F\u00fcr den Inhalt der verlinkten Seiten sind ausschlie\u00dflich deren Betreiber verantwortlich.<\/p>\n\n\n\n<p><br><strong>Copyright<\/strong>:<br>S\u00e4mtliche Inhalte und Form der Internetseite &nbsp;<a href=\"http:\/\/www.kreuthof.at\/\">www.kreuthof.at<\/a>&nbsp;sind Eigentum von Mag. Christiana Marksteiner und Mario Koncilja (wenn nicht anders gekennzeichnet). Jegliche Speicherung, Vervielf\u00e4ltigung oder Weitergabe in geschriebener, gedruckter oder elektronischer Form von Inhalten der genannten Internetseite bedarf der schriflichen Genehmigung von Christiana Marksteiner oder Mario Koncilja. Verst\u00f6\u00dfe gegen das Copyrightgesetz werden rechtlich geahndet.<br><br>Aktualit\u00e4t des Informationsangebots:<br>Christiana Marksteiner und Mario Koncilja bem\u00fchen sich darum, die Informationen auf dieser Website immer aktuell, inhaltlich richtig und vollst\u00e4ndig bereitzustellen. Dennoch k\u00f6nnen Fehler auftreten. Wir lehnen daher jegliche Haftung f\u00fcr die Aktualit\u00e4t, die inhaltliche Richtigkeit<br>oder die Vollst\u00e4ndigkeit der auf dieser Website bereitgestellten Informationen ab. Christiana Marksteiner und Mario Koncilja \u00fcbernehmen auch keinerlei Haftung f\u00fcr zuf\u00e4llige oder indirekte Sch\u00e4den materieller oder ideeller Art, die im Zusammenhang mit der Nutzung der Website entstanden sind.<\/p>\n\n\n\n<p><strong>Hyperlinks<\/strong>:<br>Die Inhalte externer Websites, die \u00fcber Hyperlinks von dieser Seite aus erreicht werden k\u00f6nnen oder die auf diese Seite verweisen, sind fremde Inhalte, auf die Christiana Marksteiner und Mario Koncilja keinen Einfluss haben und f\u00fcr die er daher keinerlei Gew\u00e4hr \u00fcbernehmen kann.<\/p>\n\n\n\n<p><strong>Urheber- und Kennzeichenrecht<\/strong>:<br>Christiana Marksteiner und Mario Koncilja bem\u00fchen sich darum, s\u00e4mtliche Urheber- und Kennzeichenrechte Dritter zu beachten. Gesch\u00fctzte Marken, Namen, Texte, Bilder und andere Inhalte werden daher auf dieser Website in der Regel als solche kenntlich gemacht. Fehlt eine entsprechende Kennzeichnung, so bedeutet dies jedoch nicht, dass es sich um freie Inhalte (Texte, Fotos, Grafiken, Videos, Animationen usw.) im Sinne des Urheberrechts handelt. Wir verweisen darauf, dass jede Bearbeitung, Vervielf\u00e4ltigung, Verbreitung und jede Art der Verwertung au\u00dferhalb der Grenzen des Urheberrechtes der schriftlichen Zustimmung des jeweiligen Urhebers bedarf.<\/p>\n\n\n\n<p><br><strong>Abmahnungen<\/strong>:<br>Diese Website wird regelm\u00e4\u00dfig und sorgf\u00e4ltig gepflegt. Sollten Sie dennoch der Meinung sein, dass sich einzelne, auf dieser Seite zur Verf\u00fcgung gestellte Informationen nicht im Einklang mit der g\u00fcltigen Gesetzeslage befinden oder Ihre Rechte verletzen, so benachrichtigen Sie bitte unverz\u00fcglich Christiana Marksteiner oder Mario Koncilja.<\/p>\n\n\n\n<h2 class=\"wp-block-heading\">Datenschutzerkl\u00e4rung<\/h2>\n\n\n\n<p>Wir speichern und verarbeiten keine Daten. F\u00fcr vom Provider verarbeitete Daten verweisen wir auf die Datenschutzerkl\u00e4rung des Providers https:\/\/www.easyname.at<\/p>\n\n\n\n<p>Es werden nur technisch notwendige Cookies gesetzt.<\/p>\n","protected":false},"excerpt":{"rendered":"<p>Kontaktdaten\/Offenlegung : KreuthofChristiana Marksteiner &amp; Mario Koncilja GesbRBrunnkreutweg 47512 Badersdorf+43 69911303258office@kreuthof.at Betriebsnummer:5065623Betriebsgegenstand: Landwirtschaftliche Produktion von Pflanzen und pflanzlichen Erzeugnissen und Vertrieb dieser Erzeugnisse BIO-AT-402ZertifikatID: 765148WebsiteVerantwortung f\u00fcr den Inhalt und Gestaltung: Mario KonciljaLederergasse 33 1080 Wien +43 6604949113 \u00a0Bio Zertifikat Haftungshinweis:Trotz sorgf\u00e4ltiger inhaltlicher Kontrolle \u00fcbernehmen wir keine Haftung f\u00fcr die Inhalte externer Links. F\u00fcr den Inhalt [&hellip;]<\/p>\n","protected":false},"author":1,"featured_media":0,"parent":0,"menu_order":0,"comment_status":"closed","ping_status":"closed","template":"","meta":{"footnotes":""},"class_list":["post-15","page","type-page","status-publish","hentry"],"blocksy_meta":{"styles_descriptor":{"styles":{"desktop":"","tablet":"","mobile":""},"google_fonts":[],"version":6}},"yoast_head":"<!-- This site is optimized with the Yoast SEO plugin v27.4 - https:\/\/yoast.com\/product\/yoast-seo-wordpress\/ -->\n<title>Impressum - Kreuthof<\/title>\n<meta name=\"robots\" content=\"index, follow, max-snippet:-1, max-image-preview:large, max-video-preview:-1\" \/>\n<link rel=\"canonical\" href=\"https:\/\/kreuthof.at\/?page_id=15\" \/>\n<meta property=\"og:locale\" content=\"de_DE\" \/>\n<meta property=\"og:type\" content=\"article\" \/>\n<meta property=\"og:title\" content=\"Impressum - Kreuthof\" \/>\n<meta property=\"og:description\" content=\"Kontaktdaten\/Offenlegung : KreuthofChristiana Marksteiner &amp; Mario Koncilja GesbRBrunnkreutweg 47512 Badersdorf+43 69911303258office@kreuthof.at Betriebsnummer:5065623Betriebsgegenstand: Landwirtschaftliche Produktion von Pflanzen und pflanzlichen Erzeugnissen und Vertrieb dieser Erzeugnisse BIO-AT-402ZertifikatID: 765148WebsiteVerantwortung f\u00fcr den Inhalt und Gestaltung: Mario KonciljaLederergasse 33 1080 Wien +43 6604949113 \u00a0Bio Zertifikat Haftungshinweis:Trotz sorgf\u00e4ltiger inhaltlicher Kontrolle \u00fcbernehmen wir keine Haftung f\u00fcr die Inhalte externer Links. F\u00fcr den Inhalt [&hellip;]\" \/>\n<meta property=\"og:url\" content=\"https:\/\/kreuthof.at\/?page_id=15\" \/>\n<meta property=\"og:site_name\" content=\"Kreuthof\" \/>\n<meta property=\"article:modified_time\" content=\"2026-01-18T21:22:45+00:00\" \/>\n<meta name=\"twitter:card\" content=\"summary_large_image\" \/>\n<meta name=\"twitter:label1\" content=\"Gesch\u00e4tzte Lesezeit\" \/>\n\t<meta name=\"twitter:data1\" content=\"3 Minuten\" \/>\n<script type=\"application\/ld+json\" class=\"yoast-schema-graph\">{\"@context\":\"https:\\\/\\\/schema.org\",\"@graph\":[{\"@type\":\"WebPage\",\"@id\":\"https:\\\/\\\/kreuthof.at\\\/?page_id=15\",\"url\":\"https:\\\/\\\/kreuthof.at\\\/?page_id=15\",\"name\":\"Impressum - Kreuthof\",\"isPartOf\":{\"@id\":\"https:\\\/\\\/kreuthof.at\\\/#website\"},\"primaryImageOfPage\":{\"@id\":\"https:\\\/\\\/kreuthof.at\\\/?page_id=15#primaryimage\"},\"image\":{\"@id\":\"https:\\\/\\\/kreuthof.at\\\/?page_id=15#primaryimage\"},\"thumbnailUrl\":\"https:\\\/\\\/kreuthof.at\\\/wp-content\\\/uploads\\\/2026\\\/01\\\/Zertifikat-EU-BIO-Anlage.pdf\",\"datePublished\":\"2021-01-23T12:56:01+00:00\",\"dateModified\":\"2026-01-18T21:22:45+00:00\",\"breadcrumb\":{\"@id\":\"https:\\\/\\\/kreuthof.at\\\/?page_id=15#breadcrumb\"},\"inLanguage\":\"de-AT\",\"potentialAction\":[{\"@type\":\"ReadAction\",\"target\":[\"https:\\\/\\\/kreuthof.at\\\/?page_id=15\"]}]},{\"@type\":\"ImageObject\",\"inLanguage\":\"de-AT\",\"@id\":\"https:\\\/\\\/kreuthof.at\\\/?page_id=15#primaryimage\",\"url\":\"https:\\\/\\\/kreuthof.at\\\/wp-content\\\/uploads\\\/2026\\\/01\\\/Zertifikat-EU-BIO-Anlage-pdf.jpg\",\"contentUrl\":\"https:\\\/\\\/kreuthof.at\\\/wp-content\\\/uploads\\\/2026\\\/01\\\/Zertifikat-EU-BIO-Anlage-pdf.jpg\",\"caption\":\"Bio Zertifikat\"},{\"@type\":\"BreadcrumbList\",\"@id\":\"https:\\\/\\\/kreuthof.at\\\/?page_id=15#breadcrumb\",\"itemListElement\":[{\"@type\":\"ListItem\",\"position\":1,\"name\":\"Home\",\"item\":\"https:\\\/\\\/kreuthof.at\\\/\"},{\"@type\":\"ListItem\",\"position\":2,\"name\":\"Impressum\"}]},{\"@type\":\"WebSite\",\"@id\":\"https:\\\/\\\/kreuthof.at\\\/#website\",\"url\":\"https:\\\/\\\/kreuthof.at\\\/\",\"name\":\"Kreuthof\",\"description\":\"Vielfalt verwurzelt\",\"publisher\":{\"@id\":\"https:\\\/\\\/kreuthof.at\\\/#organization\"},\"potentialAction\":[{\"@type\":\"SearchAction\",\"target\":{\"@type\":\"EntryPoint\",\"urlTemplate\":\"https:\\\/\\\/kreuthof.at\\\/?s={search_term_string}\"},\"query-input\":{\"@type\":\"PropertyValueSpecification\",\"valueRequired\":true,\"valueName\":\"search_term_string\"}}],\"inLanguage\":\"de-AT\"},{\"@type\":\"Organization\",\"@id\":\"https:\\\/\\\/kreuthof.at\\\/#organization\",\"name\":\"kreuthof\",\"url\":\"https:\\\/\\\/kreuthof.at\\\/\",\"logo\":{\"@type\":\"ImageObject\",\"inLanguage\":\"de-AT\",\"@id\":\"https:\\\/\\\/kreuthof.at\\\/#\\\/schema\\\/logo\\\/image\\\/\",\"url\":\"https:\\\/\\\/kreuthof.at\\\/wp-content\\\/uploads\\\/2021\\\/01\\\/cropped-kreuthof_logo_entwurf_ML-01.jpg\",\"contentUrl\":\"https:\\\/\\\/kreuthof.at\\\/wp-content\\\/uploads\\\/2021\\\/01\\\/cropped-kreuthof_logo_entwurf_ML-01.jpg\",\"width\":737,\"height\":250,\"caption\":\"kreuthof\"},\"image\":{\"@id\":\"https:\\\/\\\/kreuthof.at\\\/#\\\/schema\\\/logo\\\/image\\\/\"}}]}<\/script>\n<!-- \/ Yoast SEO plugin. -->","yoast_head_json":{"title":"Impressum - Kreuthof","robots":{"index":"index","follow":"follow","max-snippet":"max-snippet:-1","max-image-preview":"max-image-preview:large","max-video-preview":"max-video-preview:-1"},"canonical":"https:\/\/kreuthof.at\/?page_id=15","og_locale":"de_DE","og_type":"article","og_title":"Impressum - Kreuthof","og_description":"Kontaktdaten\/Offenlegung : KreuthofChristiana Marksteiner &amp; Mario Koncilja GesbRBrunnkreutweg 47512 Badersdorf+43 69911303258office@kreuthof.at Betriebsnummer:5065623Betriebsgegenstand: Landwirtschaftliche Produktion von Pflanzen und pflanzlichen Erzeugnissen und Vertrieb dieser Erzeugnisse BIO-AT-402ZertifikatID: 765148WebsiteVerantwortung f\u00fcr den Inhalt und Gestaltung: Mario KonciljaLederergasse 33 1080 Wien +43 6604949113 \u00a0Bio Zertifikat Haftungshinweis:Trotz sorgf\u00e4ltiger inhaltlicher Kontrolle \u00fcbernehmen wir keine Haftung f\u00fcr die Inhalte externer Links. F\u00fcr den Inhalt [&hellip;]","og_url":"https:\/\/kreuthof.at\/?page_id=15","og_site_name":"Kreuthof","article_modified_time":"2026-01-18T21:22:45+00:00","twitter_card":"summary_large_image","twitter_misc":{"Gesch\u00e4tzte Lesezeit":"3 Minuten"},"schema":{"@context":"https:\/\/schema.org","@graph":[{"@type":"WebPage","@id":"https:\/\/kreuthof.at\/?page_id=15","url":"https:\/\/kreuthof.at\/?page_id=15","name":"Impressum - Kreuthof","isPartOf":{"@id":"https:\/\/kreuthof.at\/#website"},"primaryImageOfPage":{"@id":"https:\/\/kreuthof.at\/?page_id=15#primaryimage"},"image":{"@id":"https:\/\/kreuthof.at\/?page_id=15#primaryimage"},"thumbnailUrl":"https:\/\/kreuthof.at\/wp-content\/uploads\/2026\/01\/Zertifikat-EU-BIO-Anlage.pdf","datePublished":"2021-01-23T12:56:01+00:00","dateModified":"2026-01-18T21:22:45+00:00","breadcrumb":{"@id":"https:\/\/kreuthof.at\/?page_id=15#breadcrumb"},"inLanguage":"de-AT","potentialAction":[{"@type":"ReadAction","target":["https:\/\/kreuthof.at\/?page_id=15"]}]},{"@type":"ImageObject","inLanguage":"de-AT","@id":"https:\/\/kreuthof.at\/?page_id=15#primaryimage","url":"https:\/\/kreuthof.at\/wp-content\/uploads\/2026\/01\/Zertifikat-EU-BIO-Anlage-pdf.jpg","contentUrl":"https:\/\/kreuthof.at\/wp-content\/uploads\/2026\/01\/Zertifikat-EU-BIO-Anlage-pdf.jpg","caption":"Bio Zertifikat"},{"@type":"BreadcrumbList","@id":"https:\/\/kreuthof.at\/?page_id=15#breadcrumb","itemListElement":[{"@type":"ListItem","position":1,"name":"Home","item":"https:\/\/kreuthof.at\/"},{"@type":"ListItem","position":2,"name":"Impressum"}]},{"@type":"WebSite","@id":"https:\/\/kreuthof.at\/#website","url":"https:\/\/kreuthof.at\/","name":"Kreuthof","description":"Vielfalt verwurzelt","publisher":{"@id":"https:\/\/kreuthof.at\/#organization"},"potentialAction":[{"@type":"SearchAction","target":{"@type":"EntryPoint","urlTemplate":"https:\/\/kreuthof.at\/?s={search_term_string}"},"query-input":{"@type":"PropertyValueSpecification","valueRequired":true,"valueName":"search_term_string"}}],"inLanguage":"de-AT"},{"@type":"Organization","@id":"https:\/\/kreuthof.at\/#organization","name":"kreuthof","url":"https:\/\/kreuthof.at\/","logo":{"@type":"ImageObject","inLanguage":"de-AT","@id":"https:\/\/kreuthof.at\/#\/schema\/logo\/image\/","url":"https:\/\/kreuthof.at\/wp-content\/uploads\/2021\/01\/cropped-kreuthof_logo_entwurf_ML-01.jpg","contentUrl":"https:\/\/kreuthof.at\/wp-content\/uploads\/2021\/01\/cropped-kreuthof_logo_entwurf_ML-01.jpg","width":737,"height":250,"caption":"kreuthof"},"image":{"@id":"https:\/\/kreuthof.at\/#\/schema\/logo\/image\/"}}]}},"_links":{"self":[{"href":"https:\/\/kreuthof.at\/index.php?rest_route=\/wp\/v2\/pages\/15","targetHints":{"allow":["GET"]}}],"collection":[{"href":"https:\/\/kreuthof.at\/index.php?rest_route=\/wp\/v2\/pages"}],"about":[{"href":"https:\/\/kreuthof.at\/index.php?rest_route=\/wp\/v2\/types\/page"}],"author":[{"embeddable":true,"href":"https:\/\/kreuthof.at\/index.php?rest_route=\/wp\/v2\/users\/1"}],"replies":[{"embeddable":true,"href":"https:\/\/kreuthof.at\/index.php?rest_route=%2Fwp%2Fv2%2Fcomments&post=15"}],"version-history":[{"count":8,"href":"https:\/\/kreuthof.at\/index.php?rest_route=\/wp\/v2\/pages\/15\/revisions"}],"predecessor-version":[{"id":488,"href":"https:\/\/kreuthof.at\/index.php?rest_route=\/wp\/v2\/pages\/15\/revisions\/488"}],"wp:attachment":[{"href":"https:\/\/kreuthof.at\/index.php?rest_route=%2Fwp%2Fv2%2Fmedia&parent=15"}],"curies":[{"name":"wp","href":"https:\/\/api.w.org\/{rel}","templated":true}]}}